4*y, -5*y + o - 4*o = -233. What is the tens digit of y?
4
Let m = -5 - -6. Let s be ((-1)/m + 2)*2. Let c = s - 1. What is the units digit of c?
1
Let s(d) = d - 7. Let y be s(6). Let j = 6 + y. What is the units digit of j?
5
Suppose -2*b = -0*b - 24. Let w = -10 + b. What is the units digit of 2/(0 - w) + 3?
2
Let r(k) = k. Let j be r(3). Suppose -3 + 0 = -j*u. Let t = 0 + u. What is the units digit of t?
1
Let i = -2 + 2. Let j(r) = i*r**3 + 0*r + r**3 + 2 - 2*r. What is the units digit of j(2)?
6
Let z(i) = 2*i**2 - 11*i - 45. What is the units digit of z(14)?
3
Let r(q) = -q + 168. What is the hundreds digit of r(0)?
1
Let u = -5 - -9. Suppose u*w + 5*v - 55 = 0, -2*v - 14 = -2*w - 0*w. Suppose -2 = n - w. What is the units digit of n?
8
Let t be (1 + 0)*2 + -3. Let o be 3 + -4 - (-1 - -1). What is the units digit of 8 + t + o + 1?
7
Let l be (-9)/(-12) + 1/4. Let j be 4 + -5 + 8*l. Let n = -3 + j. What is the units digit of n?
4
Let j(x) = x**3 + 6*x**2 - 7*x - 6. Let i be j(-7). Let t be (-132)/8 - 3/i. What is the tens digit of 60/t*-4*1?
1
Suppose 0*j = -5*j + 30. Suppose 3*d = 31 + 11. Let s = d - j. What is the units digit of s?
8
Let m(y) = y**3 - 2*y**2 + 4. What is the units digit of m(5)?
9
What is the hundreds digit of (-7252)/(-35) + (-1 + 0)/5?
2
Suppose -2*p + 4 = 2*y, -p = 2*y + 3*p - 8. Suppose y = -2*d + 16. What is the units digit of d?
8
Let j be (2 - 3)*1*-8. Let g = 2 + -2. Suppose g = -u - u + j. What is the units digit of u?
4
Suppose 0 = 5*l - 5*w - 136 - 4, -3*l = w - 72. What is the units digit of l?
5
Let u = 19 + -18. What is the tens digit of -12*-1*(u - 0)?
1
Suppose 7 = -5*u + 2. Let y be u/(2/(-14)) - 2. Suppose -4*s + g - 12 = 5*g, 0 = -y*g - 25. What is the units digit of s?
2
Let o = 76 + -47. What is the units digit of o?
9
Let p = -9 - -24. Let d be 78/5 - 4/(-10). Suppose -y = -5*i + d, -i + p = 2*i. What is the units digit of y?
9
Suppose -2*h - 17 = -5*x, 3*h - x = -4 - 2. Let r(l) be the third derivative of -7*l**6/60 - l**5/60 - l**4/24 - l**2. What is the units digit of r(h)?
4
Let u be 5*(27 - -3) + 1. Suppose -5*c + u = -74. What is the units digit of c?
5
Let x(u) = 19*u - 15. What is the units digit of x(5)?
0
Let m = 179 - 104. What is the tens digit of m?
7
Let n be 36 + -2 + 0 + 4. Suppose -3*s = 12, 4*c - 5*s - n = 14. What is the units digit of c?
8
Let d be (-2)/(-9) + (-582)/(-54). Suppose 0 = -d*k + 13*k - 6. What is the units digit of k?
3
Let o be ((-6)/4)/(2/8). Suppose -5 - 10 = -5*d. What is the units digit of d*4/o - -4?
2
Let r(c) = c + 4. Let m be r(0). Let d be 2/m + (-2)/(-4). What is the units digit of 19/5 + d/5?
4
Let s be (-2 - -4) + -4 - -7. Suppose -3*y + s*y = 0. Let w = y - -3. What is the units digit of w?
3
Let h(q) = 5*q + 24. What is the tens digit of h(0)?
2
Let p = 129 - 39. What is the tens digit of p?
9
Let r(q) = 7*q**3 + 2*q**2 + 2*q + 2. Let b(l) = l**3 - l**2 - 1. Let d be 34/10 + 2/(-5). Let s(f) = d*b(f) + r(f). What is the tens digit of s(1)?
1
Suppose -3*i + 96 = -0*i. What is the tens digit of i?
3
Let h be (12/8)/((-3)/44). What is the units digit of h*1/4*-2?
1
Let r(q) = -q**3 - q**2 - 2*q - 1. Let b be r(-1). Suppose -b - 14 = -5*n. Suppose -4*x - n*s = -57, 5*x - 1 = -s + 62. What is the units digit of x?
2
Suppose -2*g = -4*y + 198, -3*y + 2*y - 3*g + 39 = 0. What is the tens digit of y?
4
Suppose -5*n + 60 = -0*n. Suppose -g + 5*y = 7, g + 3*g - 4*y = 20. What is the units digit of g/n - (-31)/3?
1
Let i be (-3 - 12/3) + 3. Let f = i - 10. Let s = 23 + f. What is the units digit of s?
9
Let x(j) = 9*j**3 + j**2. Let d be x(-1). Let i be ((-3)/(-6))/((-1)/d). Let c = -3 + i. What is the units digit of c?
1
What is the tens digit of (-2 + -3)*(-12)/1?
6
Let v = -46 - -71. What is the units digit of v?
5
Let p = 15 - 14. What is the tens digit of (-4)/(-6)*30 + p?
2
Suppose -4*q + 3*j + 219 = -164, 445 = 5*q + 3*j. What is the units digit of q?
2
Let h = 3 - 1. Suppose 52 = h*u + 2*u. What is the tens digit of u?
1
Suppose -4*h + 439 = 43. What is the tens digit of h/6*(-4)/(-3)?
2
Let p be (-5)/(-10) + (-23)/2. Let d = p + 18. Let m = 13 - d. What is the units digit of m?
6
What is the tens digit of 37/2 + (-19)/38?
1
What is the units digit of (8 - 21)/(1/(-1))?
3
Let o(f) = -2*f**3 - 9*f**2 - 2*f + 5. Let j(p) = p**3. Let d(n) = -3*j(n) - o(n). What is the tens digit of d(9)?
1
Let p(u) = -11*u. Let g be p(-1). Suppose -4*a = -54 - 10. Let n = a - g. What is the units digit of n?
5
Suppose 5*q - 6 = 9. Let p(j) = -j**2 - 5*j + 16. Let m be p(-7). Suppose -q*x = v - 8, x + m*x = 4*v - 77. What is the tens digit of v?
1
What is the units digit of 3/(-9) - (-160)/3?
3
Let w be (-1 - 3)/(-4) + 3. What is the tens digit of w/6 + (-880)/(-30)?
3
Suppose -237 = 14*t - 15*t. What is the tens digit of t?
3
Let q be -2 + (1 - (-2 + -1)). Suppose -3*f = -3*g + 21, -f = q*g + f - 14. Suppose g*i - 24 = 4*i. What is the units digit of i?
8
Let r be (2 + 0)*(-2 + 3). Let x = 1 + 1. Suppose -4*s + v + 44 = 0, r*v + 16 = -0*s + x*s. What is the units digit of s?
2
Let v be (-1 + 1)/(2/(-2)). Let w(m) = -3*m + 1. Let i be w(-7). Suppose -l - l + i = v. What is the units digit of l?
1
Let j(l) = 367*l. What is the units digit of j(1)?
7
Let z(o) = -o**2 - 4*o - 3. Let k be z(-4). What is the tens digit of (78/(-9) - -2)*k?
2
Let q = 0 + 0. Suppose -f + 11 - 3 = q. Let d = f + -6. What is the units digit of d?
2
What is the tens digit of -4 + 1 - (-5 - 27)?
2
Suppose 5*i + 37 = 7. Let h(o) = -o + 6. What is the tens digit of h(i)?
1
Let f(x) = -9*x - 17. What is the units digit of f(-7)?
6
Suppose 5*b - 10 = 40. What is the tens digit of b?
1
Let d(o) = 10*o + 5. What is the tens digit of d(4)?
4
Let r(i) = 4*i + 9. Let g be r(-9). What is the units digit of g/(-9) - (0 + -6)?
9
Suppose -k + 48 = -193. What is the tens digit of k?
4
Let x(j) = 3*j + 1. Suppose -2*d + 12 = 2*q, 3*d - 7 - 4 = 4*q. Let y be x(q). Suppose 3*r = y*b - 40, 4*b + r - 67 = -11. What is the units digit of b?
3
Let b = -19 + -2. Let q = b - -29. Suppose -3*k + 7*k = q. What is the units digit of k?
2
Let t(r) = -r - 2. Let s(l) = -l - 1. Let z(n) = -6*s(n) + 4*t(n). What is the units digit of z(7)?
2
Let s be (-20)/70 - 74/(-14). Suppose -22 + 2 = -5*m, -s*x + 255 = 5*m. What is the tens digit of x?
4
Suppose -5*f + 44 = 2*c, c + 2*f = 2*c - 4. Suppose 0 = -4*x + 8, 2*v - c - 24 = -3*x. What is the units digit of v?
5
Let s(j) = 157*j**2 - j + 1. What is the units digit of s(1)?
7
Suppose 0 = 2*y + 4*r - 14 - 44, 2*y + r - 43 = 0. Let v = y + -15. What is the units digit of v?
4
Let s = 2 - 5. Let h be s/6 - 91/2. What is the units digit of 6/12 + h/(-4)?
2
Let h = 28 + 16. What is the tens digit of h?
4
Suppose -5*f = -25, 3*g - 26 = g - 4*f. Suppose -x - 1 = -v, -2*v - 3 = g. Let p(k) = k**2 + 2*k. What is the units digit of p(x)?
8
Suppose -g + 67 = 23. What is the tens digit of g?
4
Suppose 3*h = 2*z, 0 = 2*z + h - 0*h - 16. Let q = z + 11. What is the units digit of q?
7
Let v(f) = f**2 - 15*f + 7. Let w be v(14). Let a = 8 + w. What is the units digit of a?
1
What is the units digit of (32/4)/(-1 + 3)?
4
Let a = 373 - 175. What is the hundreds digit of a?
1
Let z(t) = -t**3 - 2*t**2 - 4*t - 2. Let q be z(-2). Suppose 5 = -5*x + y, -2*x + q*x - 3*y = -15. Suppose x = 3*r - 9 - 0. What is the units digit of r?
3
What is the units digit of 196/(3 + 1) + 4?
3
Let d(o) = o**3 - 8*o**2 + o - 4. Let g be d(8). Let s = 7 - g. What is the units digit of s?
3
Suppose -a = 44 - 56. What is the tens digit of a?
1
Let o be -1*1/1 + 0. What is the tens digit of (o - 16)*(-3 + 2)?
1
Suppose 0 = 2*f + 4, 2*m + 0*m + 5*f - 116 = 0. What is the tens digit of m?
6
Let g = 9 + -4. Suppose c + n - 4 = 0, 4*c = g*c - 4*n - 4. What is the units digit of c?
4
Let z be (96/18)/((-2)/(-12)). Suppose 0 = -4*u + 4*l + 44 + z, l + 82 = 4*u. What is the units digit of u?
1
Let z be 2*(0 + -13 + 3). What is the units digit of (z/(-12) - -1)*3?
8
Let i(d) = -d**3 + 4*d**2 - 2*d + 3. Let h be i(3). Suppose -r + 17 = h. What is the tens digit of r?
1
What is the tens digit of (-2)/13 - 3168/(-143)?
2
Let n(w) = w**2 + 6*w + 5. Let g be n(-4). Let d = 8 + g. Suppose -4*i + d + 11 = 0, f = 4*i - 12. What is the 